10*l**2 + 2*l - 16. Give x(-8).
96
Let j(s) = -23*s**3 - 11*s**2 + 14*s + 6. What is j(2)?
-194
Let j(h) = -5*h**2 + 158*h - 1108. What is j(22)?
-52
Let y(j) = j**3 - 16*j**2 + 28*j - 476. What is y(16)?
-28
Let c(y) = 993*y + 15926. Calculate c(-16).
38
Let o(t) = -2553*t + 2545. Calculate o(1).
-8
Let n(z) = z**2 - 96*z - 98. Calculate n(97).
-1
Let b(n) = -117*n - 15. Calculate b(1).
-132
Let w(d) = -16834*d + 33674. What is w(2)?
6
Let o(k) = -k**2 + 10*k - 71. Determine o(-14).
-407
Let h(v) = -v**2 + 55*v + 49. What is h(56)?
-7
Let v(w) = -11*w - 99. Determine v(-11).
22
Let f(b) = 6*b**2 + 250*b - 78. Give f(-42).
6
Let x(k) = 3*k**2 - 6*k - 9. Give x(2).
-9
Let w(l) = l**2 + 783*l + 14519. Give w(-19).
3
Let h(o) = 39*o - 86. Calculate h(10).
304
Let a(f) = -2*f**2 - 74*f + 935. What is a(10)?
-5
Let r(x) = -15*x - 174. What is r(10)?
-324
Let p(o) = 4*o**3 - 379*o**2 - 97*o + 185. Give p(95).
-5
Let o(k) = -21*k**3 + 3*k**2 + k - 2. Calculate o(1).
-19
Let j(w) = -4*w**2 + 71*w - 33. Calculate j(16).
79
Let j(k) = k**2 - 43*k - 341. Give j(50).
9
Let y(o) = 48*o - 1148. Calculate y(25).
52
Let w(g) = g**2 + 8*g + 3. Determine w(5).
68
Let v(m) = -22*m**3 + 31*m**2 - 64*m + 2. Calculate v(2).
-178
Let y(c) = -c**3 + 21*c**2 - 96*c + 138. Calculate y(16).
-118
Let g(r) = -74*r + 48. Calculate g(0).
48
Let m(i) = -i**3 + 31*i**2 - 12*i + 339. Determine m(31).
-33
Let j(v) = 61*v - 4. What is j(-1)?
-65
Let s(j) = 572*j + 3482. What is s(-6)?
50
Let j(z) = z**3 - z**2 + 20*z + 34. Give j(-2).
-18
Let y(d) = -13*d + 430. Calculate y(34).
-12
Let k(t) = 7*t**3 - 58*t**2 + 107*t - 725. Calculate k(8).
3
Let s(z) = -1127*z - 29318. Determine s(-26).
-16
Let g(v) = -102*v + 14797. Give g(145).
7
Let k(o) = -2*o**2 - 21*o + 38. Calculate k(-12).
2
Let o(v) = -83*v - 379. Give o(-5).
36
Let i(j) = -j**2 + 210*j - 1408. Determine i(7).
13
Let b(n) = n**2 - 11*n - 617. Determine b(-20).
3
Let v(m) = -m**2 + 60*m - 289. Give v(5).
-14
Let b(r) = 3*r**2 + 27*r - 449. Calculate b(12).
307
Let d(c) = c**3 + 150*c**2 + 5302*c + 94. Give d(-93).
1
Let u(v) = -v**3 - 20*v**2 - 143*v - 624. What is u(-11)?
-140
Let b(h) = -28*h**3 - 7*h**2 + h + 3. Give b(-1).
23
Let n(z) = 6*z + 301. What is n(-26)?
145
Let t(y) = y**3 - 31*y**2 - 27*y + 4. Determine t(-1).
-1
Let h(j) = -3*j**2 + 29*j + 2605. Calculate h(-25).
5
Let u(a) = 3*a**3 + 63*a**2 + 83*a - 593. Determine u(-19).
-4
Let y(z) = z**3 - 6*z**2 - 5*z + 7. What is y(6)?
-23
Let w(o) = 128*o - 518. What is w(4)?
-6
Let v(u) = -10*u**2 + 14*u + 5. Calculate v(5).
-175
Let a(m) = -3*m - 31. Calculate a(-19).
26
Let y(r) = r**3 - 77*r**2 + 302*r - 729. Determine y(73).
1
Let t(o) = -o**2 - 39*o - 189. What is t(-38)?
-151
Let h(r) = -21*r + 666. What is h(18)?
288
Let b(n) = -n**3 + 42*n**2 + 141*n - 101. Determine b(45).
169
Let f(q) = -q**2 + 533*q - 2100. Determine f(4).
16
Let g(y) = -y**3 - 12*y**2 - 33*y - 136. Determine g(-10).
-6
Let v(r) = 25*r - 4731. Give v(187).
-56
Let g(x) = -x**3 + 40*x**2 + 439*x - 2649. Calculate g(48).
-9
Let w(r) = -1185*r**2 - 7118*r - 43. Determine w(-6).
5
Let w(p) = 72*p - 6303. Calculate w(88).
33
Let y(c) = 95*c - 12. What is y(0)?
-12
Let n(y) = 2*y**2 + 81*y - 572. Give n(6).
-14
Let d(b) = 51*b - 12. Give d(2).
90
Let i(l) = l**2 + 414*l + 830. Calculate i(-2).
6
Let u(q) = -q**2 - 103*q + 2421. Calculate u(18).
243
Let u(w) = -w**3 + 9*w**2 - 32*w + 93. What is u(4)?
45
Let k(h) = -4*h**2 + 41*h + 22. Determine k(-4).
-206
Let u(k) = k**3 + 10*k**2 - 59*k + 57. Give u(-14).
99
Let y(p) = -779*p - 5460. Determine y(-7).
-7
Let o(m) = -14532*m - 217989. What is o(-15)?
-9
Let v(b) = 148*b - 973. Give v(8).
211
Let g(x) = -2*x**3 + 23*x**2 - 27*x - 16. Calculate g(10).
14
Let x(b) = 32*b + 532. What is x(10)?
852
Let r(c) = -8*c**2 + 65*c + 1019. Determine r(16).
11
Let j(k) = -k**2 + 1107*k - 4410. What is j(4)?
2
Let x(f) = -f**3 + 26*f**2 + 337*f + 207. Give x(-9).
9
Let l(r) = -62*r**2 - 2232*r + 45. Determine l(-36).
45
Let b(j) = -j**3 - 6*j**2 + 4*j + 33. Calculate b(-6).
9
Let r(o) = 2*o**3 + 129*o**2 - 194*o + 268. What is r(-66)?
4
Let a(n) = 2*n**3 - 38*n**2 + 4*n + 371. Give a(19).
447
Let t(q) = -925*q - 61057. What is t(-66)?
-7
Let d(b) = -42*b**2 + 23*b - 26. Determine d(1).
-45
Let g(q) = -q**3 + 36*q**2 - 152*q - 84. What is g(31)?
9
Let c(i) = -i**3 + 35*i**2 - 67*i - 82. Determine c(33).
-115
Let k(l) = -106*l + 684. Give k(8).
-164
Let f(a) = -a**2 - 27*a - 155. What is f(-13)?
27
Let h(w) = -77*w - 216. Calculate h(-2).
-62
Let o(w) = 3*w**2 + 18*w - 227. Give o(-14).
109
Let s(g) = -3*g**3 - 14*g**2 - 11*g - 27. Give s(-6).
183
Let q(m) = -42*m + 1516. What is q(35)?
46
Let v(a) = 1220*a + 4884. What is v(-4)?
4
Let w(j) = 213*j - 504. What is w(3)?
135
Let m(p) = p**3 - 152*p**2 - 142*p - 1684. Calculate m(153).
-1
Let f(h) = h**2 - 73*h + 885. What is f(57)?
-27
Let c(z) = -2*z**3 + 11*z**2 - 7*z - 25. Determine c(4).
-5
Let o(u) = 13*u**3 + 3*u**2 - 13*u + 33. Give o(3).
372
Let b(f) = -15*f**2 + 44*f - 39. What is b(1)?
-10
Let o(i) = -i**3 - 10*i**2 - 33*i - 210. Give o(-9).
6
Let z(o) = -7*o**2 - 258*o - 1964. Calculate z(-26).
12
Let q(h) = 9*h - 76. Calculate q(0).
-76
Let c(v) = 114*v - 453. Determine c(4).
3
Let q(s) = s**2 + 87*s - 826. Determine q(9).
38
Let f(v) = 357*v + 40. Give f(-1).
-317
Let w(q) = 103*q + 58. What is w(3)?
367
Let a(n) = -n**3 - 51*n**2 - 92*n + 107. Calculate a(-49).
-187
Let h(s) = 63*s**2 + 10*s - 9. Give h(1).
64
Let h(n) = n**3 - 4*n**2 + 21*n - 46. Give h(5).
84
Let d(c) = -9*c - 291. Calculate d(-30).
-21
Let y(s) = -4*s**2 - 27*s + 541. Determine y(-15).
46
Let q(h) = -165*h + 175. Give q(1).
10
Let b(a) = -a**3 + a**2 + 6*a + 19. Give b(-4).
75
Let y(d) = -11*d**2 + 24*d + 514. Determine y(8).
2
Let x(y) = -7*y**2 + 202*y + 26. What is x(32)?
-678
Let r(u) = -3*u**3 + 10*u**2 + 37*u - 86. What is r(2)?
4
Let q(u) = 77*u - 1120. Give q(14).
-42
Let n(y) = y + 28. Calculate n(-19).
9
Let c(j) = -315*j - 4104. Give c(-13).
-9
Let l(u) = -2*u**3 + 22*u**2 - 19*u + 10. Give l(10).
20
Let k(t) = -4*t**2 + 116*t - 399. What is k(4)?
1
Let f(h) = 7*h**2 - 22*h - 82. Determine f(-4).
118
Let i(n) = 2294*n + 4567. Calculate i(-2).
-21
Let f(y) = y**2 - 34*y + 214. Give f(12).
-50
Let p(f) = f**3 + 19*f**2 - 15*f + 86. Determine p(-20).
-14
Let j(v) = 4*v**3 + 9*v**2 - 17*v + 5. What is j(5)?
645
Let f(q) = -q**3 - 4*q**2 + 247*q - 84. Calculate f(-18).
6
Let h(i) = -97*i**2 - 11*i + 13. What is h(1)?
-95
Let o(u) = -u**3 - 114*u**2 - 2844*u + 183. What is o(-37)?
-2
Let m(n) = 12*n**3 - 2*n**2 - 6*n - 2. Give m(-1).
-10
Let c(b) = b**2 - 89*b - 3710. What is c(-31)?
10
Let c(l) = -12404*l + 4. Determine c(0).
4
Let n(v) = -v**3 - 25*v**2 - 96*v + 22. Give n(-5).
2
Let a(j) = -j**3 + 25*j**2 + 26*j - 125. Give a(26).
-125
Let y(t) = 68*t + 2436. What is y(-35)?
56
Let x(p) = -p**3 + 57*p**2 + 55*p + 251. Determine x(58).
77
Let r(u) = 219*u - 1190. What is r(6)?
124
Let o(h) = -9*h**3 - 5*h**2 + 27*h - 26. Calculate o(1).
-13
Let y(k) = -26*k**2 - 83*k - 12. Determine y(-5).
-247
Let m(b) = 16*b**2 - 20*b - 15. Determine m(-4).
321
Let d(a) = 10*a**2 - 484*a - 279. Give d(49).
15
Let p(j) = j**3 - 20*j**2 + 12*j + 23. What is p(19)?
-110
Let d(s) = s**2 + 1173*s - 3527. Give d(3).
1
Let t(z) = 110*z + 8464. What is t(-77)?
-6
Let o(g) = g**2 + 226*g - 1394. Calculate o(6).
-2
Let y(l) = -22*l**2 + 159*l - 7. Calculate y(8).
-143
Let d(l) = 2*l**2 + 54*l + 358. Calculate d(-17).
18
Let b(f) = f**2 + 2338*f + 25587. Calculate b(-11).
-10
Let d(c) = -c**2 + 75*c + 2118. Determine d(-22).
-16
Let g(i) = i + 108. Calculate g(-98).
10
Let r(f) = -47*f + 7. Determine r(1).
-40
Let i(m) = m**3 - 19*m**2 + 2*m + 532. Give i(17).
-12
Let d(c) = -186*c - 4094. Give d(-22).
-2
Let s(g) = -12*g + 1036. Give s(86).
4
Let r(q) = -q**2 + 25*q + 52. Calculate r(21).
136
Let c(x) = x**3 - 12*x**2 + 10*x + 90. Determine c(11).
79
Let a(w) = -76*w + 4640. Give a(61).
4
Let r(y) = -y**3 - 24*y**2 + 20*y + 181. What is r(-25)?
306
Let w(u) = -u**3 + 24*u**2 + 64*u + 44. Calculate w(27).
-415
Let o(g) = -30*g**2 - 4*g - 9. Give o(5).
-779
Let o(j) = 2*j**2 + 68*j + 389. Give o(-7).
11
Let a(c) = -6*c**2 - 54*c + 307. Calc